{"id":8,"date":"2024-11-19T11:47:35","date_gmt":"2024-11-19T08:47:35","guid":{"rendered":"https:\/\/richboss.com.tr\/?page_id=8"},"modified":"2024-11-19T11:54:50","modified_gmt":"2024-11-19T08:54:50","slug":"maintenance-page","status":"publish","type":"page","link":"https:\/\/richboss.com.tr\/","title":{"rendered":""},"content":{"rendered":"\n<div id=\"wp-block-themeisle-blocks-advanced-columns-38fdf81c\" class=\"wp-block-themeisle-blocks-advanced-columns alignfull has-2-columns has-desktop-equal-layout has-tablet-collapsedRows-layout has-mobile-collapsedRows-layout has-vertical-center has-dark-bg\"><div class=\"wp-block-themeisle-blocks-advanced-columns-overlay\"><\/div><div class=\"innerblocks-wrap\">\n<div id=\"wp-block-themeisle-blocks-advanced-column-0a1b5b8c\" class=\"wp-block-themeisle-blocks-advanced-column\">\n<figure class=\"wp-block-image size-full\"><img fetchpriority=\"high\" decoding=\"async\" width=\"950\" height=\"520\" src=\"https:\/\/richboss.com.tr\/wp-content\/uploads\/2024\/11\/richboss_white.png\" alt=\"\" class=\"wp-image-13\" srcset=\"https:\/\/richboss.com.tr\/wp-content\/uploads\/2024\/11\/richboss_white.png 950w, https:\/\/richboss.com.tr\/wp-content\/uploads\/2024\/11\/richboss_white-300x164.png 300w, https:\/\/richboss.com.tr\/wp-content\/uploads\/2024\/11\/richboss_white-768x420.png 768w\" sizes=\"(max-width: 950px) 100vw, 950px\" \/><\/figure>\n<\/div>\n\n\n\n<div id=\"wp-block-themeisle-blocks-advanced-column-efa311e1\" class=\"wp-block-themeisle-blocks-advanced-column\">\n<h2 id=\"wp-block-themeisle-blocks-advanced-heading-341a26ad\" class=\"wp-block-themeisle-blocks-advanced-heading wp-block-themeisle-blocks-advanced-heading-341a26ad\">Hayallerinizi Ger\u00e7e\u011fe D\u00f6n\u00fc\u015ft\u00fcr\u00fcyoruz!<\/h2>\n\n\n\n<h3 id=\"wp-block-themeisle-blocks-advanced-heading-ba3a930f\" class=\"wp-block-themeisle-blocks-advanced-heading wp-block-themeisle-blocks-advanced-heading-ba3a930f\">Richboss \u0130n\u015faat olarak, kaliteli ve g\u00fcvenilir in\u015faat projeleriyle ya\u015fam alanlar\u0131n\u0131z\u0131 yeniden \u015fekillendiriyoruz. Yenilik\u00e7i tasar\u0131mlar, g\u00fc\u00e7l\u00fc m\u00fchendislik \u00e7\u00f6z\u00fcmleri ve m\u00fckemmeliyet odakl\u0131 \u00e7al\u0131\u015fmam\u0131zla her projede en y\u00fcksek standartlar\u0131 hedefliyoruz. Sizin i\u00e7in her detay\u0131 d\u00fc\u015f\u00fcnd\u00fck, \u015fimdi s\u0131ra hayat\u0131n\u0131z\u0131 g\u00fczelle\u015ftirecek projeleri in\u015fa etmekte. Bizimle, her ad\u0131mda g\u00fcvenle ilerleyin.<\/h3>\n<\/div>\n<\/div><\/div>\n\n\n\n<p><\/p>\n","protected":false},"excerpt":{"rendered":"","protected":false},"author":1,"featured_media":0,"parent":0,"menu_order":0,"comment_status":"closed","ping_status":"closed","template":"templates\/wpmm-page-template.php","meta":{"inline_featured_image":false,"_monsterinsights_skip_tracking":false,"_monsterinsights_sitenote_active":false,"_monsterinsights_sitenote_note":"","_monsterinsights_sitenote_category":0,"_themeisle_gutenberg_block_has_review":false,"footnotes":""},"class_list":["post-8","page","type-page","status-publish","hentry"],"aioseo_notices":[],"_links":{"self":[{"href":"https:\/\/richboss.com.tr\/index.php?rest_route=\/wp\/v2\/pages\/8","targetHints":{"allow":["GET"]}}],"collection":[{"href":"https:\/\/richboss.com.tr\/index.php?rest_route=\/wp\/v2\/pages"}],"about":[{"href":"https:\/\/richboss.com.tr\/index.php?rest_route=\/wp\/v2\/types\/page"}],"author":[{"embeddable":true,"href":"https:\/\/richboss.com.tr\/index.php?rest_route=\/wp\/v2\/users\/1"}],"replies":[{"embeddable":true,"href":"https:\/\/richboss.com.tr\/index.php?rest_route=%2Fwp%2Fv2%2Fcomments&post=8"}],"version-history":[{"count":6,"href":"https:\/\/richboss.com.tr\/index.php?rest_route=\/wp\/v2\/pages\/8\/revisions"}],"predecessor-version":[{"id":19,"href":"https:\/\/richboss.com.tr\/index.php?rest_route=\/wp\/v2\/pages\/8\/revisions\/19"}],"wp:attachment":[{"href":"https:\/\/richboss.com.tr\/index.php?rest_route=%2Fwp%2Fv2%2Fmedia&parent=8"}],"curies":[{"name":"wp","href":"https:\/\/api.w.org\/{rel}","templated":true}]}}